{"version":"1.0","provider_name":"&nbsp;","provider_url":"https:\/\/mtalegal.co\/en","author_name":"Devweb","author_url":"https:\/\/mtalegal.co\/en\/author\/devweb\/","title":"Avances del proyecto de reforma laboral en Colombia - Mu\u00f1oz Tamayo &amp; Asociados","type":"rich","width":600,"height":338,"html":"<blockquote class=\"wp-embedded-content\" data-secret=\"Vw8zq7G2Xu\"><a href=\"https:\/\/mtalegal.co\/en\/avances-del-proyecto-de-reforma-laboral-en-colombia\/\">Progress of the Labor Reform Bill in Colombia<\/a><\/blockquote><iframe sandbox=\"allow-scripts\" security=\"restricted\" src=\"https:\/\/mtalegal.co\/en\/avances-del-proyecto-de-reforma-laboral-en-colombia\/embed\/#?secret=Vw8zq7G2Xu\" width=\"600\" height=\"338\" title=\"&#8220;Avances del proyecto de reforma laboral en Colombia&#8221; &#8212; Mu\u00f1oz Tamayo &amp; Asociados\" data-secret=\"Vw8zq7G2Xu\" frameborder=\"0\" marginwidth=\"0\" marginheight=\"0\" scrolling=\"no\" class=\"wp-embedded-content\"><\/iframe><script type=\"text\/javascript\">\n\/* <![CDATA[ *\/\n\/*! This file is auto-generated *\/\n!function(d,l){\"use strict\";l.querySelector&&d.addEventListener&&\"undefined\"!=typeof URL&&(d.wp=d.wp||{},d.wp.receiveEmbedMessage||(d.wp.receiveEmbedMessage=function(e){var t=e.data;if((t||t.secret||t.message||t.value)&&!\/[^a-zA-Z0-9]\/.test(t.secret)){for(var s,r,n,a=l.querySelectorAll('iframe[data-secret=\"'+t.secret+'\"]'),o=l.querySelectorAll('blockquote[data-secret=\"'+t.secret+'\"]'),c=new RegExp(\"^https?:$\",\"i\"),i=0;i<o.length;i++)o[i].style.display=\"none\";for(i=0;i<a.length;i++)s=a[i],e.source===s.contentWindow&&(s.removeAttribute(\"style\"),\"height\"===t.message?(1e3<(r=parseInt(t.value,10))?r=1e3:~~r<200&&(r=200),s.height=r):\"link\"===t.message&&(r=new URL(s.getAttribute(\"src\")),n=new URL(t.value),c.test(n.protocol))&&n.host===r.host&&l.activeElement===s&&(d.top.location.href=t.value))}},d.addEventListener(\"message\",d.wp.receiveEmbedMessage,!1),l.addEventListener(\"DOMContentLoaded\",function(){for(var e,t,s=l.querySelectorAll(\"iframe.wp-embedded-content\"),r=0;r<s.length;r++)(t=(e=s[r]).getAttribute(\"data-secret\"))||(t=Math.random().toString(36).substring(2,12),e.src+=\"#?secret=\"+t,e.setAttribute(\"data-secret\",t)),e.contentWindow.postMessage({message:\"ready\",secret:t},\"*\")},!1)))}(window,document);\n\/\/# sourceURL=https:\/\/mtalegal.co\/wp-includes\/js\/wp-embed.min.js\n\/* ]]> *\/\n<\/script>","thumbnail_url":"https:\/\/mtalegal.co\/wp-content\/uploads\/2025\/02\/robotics-engineer-working-on-maintenance-of-roboti-2025-02-03-10-00-04-utc-min.png","thumbnail_width":2500,"thumbnail_height":1667,"description":"Escrito por: Alejandra Vidaurre Tugues El proyecto de reforma laboral ha superado una etapa clave con su aprobaci\u00f3n en la C\u00e1mara de Representantes, marcando un avance significativo en su tr\u00e1mite legislativo. Ahora, el proyecto continuar\u00e1 su curso en 2025 con debates en el Senado, donde se analizar\u00e1n los art\u00edculos aprobados y se decidir\u00e1 sobre su [&hellip;]"}

Avances del proyecto de reforma laboral en Colombia - Muñoz Tamayo &amp; Asociados

<blockquote class="wp-embedded-content" data-secret="Vw8zq7G2Xu"><a href="https://mtalegal.co/en/avances-del-proyecto-de-reforma-laboral-en-colombia/">Progress of the Labor Reform Bill in Colombia</a></blockquote><iframe sandbox="allow-scripts" security="restricted" src="https://mtalegal.co/en/avances-del-proyecto-de-reforma-laboral-en-colombia/embed/#?secret=Vw8zq7G2Xu" width="600" height="338" title="&#8220;Avances del proyecto de reforma laboral en Colombia&#8221; &#8212; Muñoz Tamayo &amp; Asociados" data-secret="Vw8zq7G2Xu" frameborder="0" marginwidth="0" marginheight="0" scrolling="no" class="wp-embedded-content"></iframe><script type="text/javascript">
/* <![CDATA[ */
/*! This file is auto-generated */
!function(d,l){"use strict";l.querySelector&&d.addEventListener&&"undefined"!=typeof URL&&(d.wp=d.wp||{},d.wp.receiveEmbedMessage||(d.wp.receiveEmbedMessage=function(e){var t=e.data;if((t||t.secret||t.message||t.value)&&!/[^a-zA-Z0-9]/.test(t.secret)){for(var s,r,n,a=l.querySelectorAll('iframe[data-secret="'+t.secret+'"]'),o=l.querySelectorAll('blockquote[data-secret="'+t.secret+'"]'),c=new RegExp("^https?:$","i"),i=0;i<o.length;i++)o[i].style.display="none";for(i=0;i<a.length;i++)s=a[i],e.source===s.contentWindow&&(s.removeAttribute("style"),"height"===t.message?(1e3<(r=parseInt(t.value,10))?r=1e3:~~r<200&&(r=200),s.height=r):"link"===t.message&&(r=new URL(s.getAttribute("src")),n=new URL(t.value),c.test(n.protocol))&&n.host===r.host&&l.activeElement===s&&(d.top.location.href=t.value))}},d.addEventListener("message",d.wp.receiveEmbedMessage,!1),l.addEventListener("DOMContentLoaded",function(){for(var e,t,s=l.querySelectorAll("iframe.wp-embedded-content"),r=0;r<s.length;r++)(t=(e=s[r]).getAttribute("data-secret"))||(t=Math.random().toString(36).substring(2,12),e.src+="#?secret="+t,e.setAttribute("data-secret",t)),e.contentWindow.postMessage({message:"ready",secret:t},"*")},!1)))}(window,document);
//# sourceURL=https://mtalegal.co/wp-includes/js/wp-embed.min.js
/* ]]> */
</script>

Escrito por: Alejandra Vidaurre Tugues El proyecto de reforma laboral ha superado una etapa clave con su aprobación en la Cámara de Representantes, marcando un avance significativo en su trámite legislativo. Ahora, el proyecto continuará su curso en 2025 con debates en el Senado, donde se analizarán los artículos aprobados y se decidirá sobre su [&hellip;]
